g**2 - 2*g. Let c be h(-1). Let n = c + -85. Let p(v) = -4 + n*v + 5*v**2 - 2*v**2 - 6*v - 5*v**2. Give p(-3).
-16
Let q(d) = 2*d + 7*d + 4*d - 6*d + 9. Let g(k) = -15*k - 18. Let p(x) = -6*g(x) - 13*q(x). Let a(i) = -2*i - 1. Let r be a(2). Give p(r).
-4
Let u(n) = 25*n**3 - 15*n**2 + 21*n - 132. Let w(r) = -5*r**3 + 3*r**2 - 4*r + 24. Let b(m) = 2*u(m) + 11*w(m). Calculate b(1).
-4
Let x(n) be the first derivative of -1/2*n**2 - 5*n + 1. Let z = 103019 + -103025. Calculate x(z).
1
Let f = 28 - 21. Let b(y) = -y**3 + 25*y**2 - 25*y + 26. Let j be b(24). Let z(s) = -20 + 2*s + 16 + f*s**j + 2*s + s**3. What is z(-6)?
8
Let f(y) = -y**3 - 25*y**2 - 354*y - 5078. Let m be f(-20). Let b(s) be the third derivative of s**6/20 - s**4/12 + s**3/3 - s**2. Give b(m).
46
Suppose -3 = 2*w + 5*p + 16, p - 10 = -5*w. Let k(n) be the first derivative of 14 - w*n + 5*n - 63*n**2 + 64*n**2. Give k(-2).
-2
Let m(l) = l**3 - 23*l**2 - 24*l. Let a be m(24). Let u(z) = 6 + a + 12 + 9*z - 1 + z**2 + 0*z**2. Determine u(-7).
3
Let d(r) = 2*r**2 - 4*r + 6. Let w be d(3). Suppose -2*l + s = -6, -2 = -l + s + 2. Let b(n) = w*n**2 + n - 32*n**2 + 17*n**l. Determine b(2).
-10
Suppose -2*r = -37 - 59. Let v(n) = 7*n + r*n**3 + 7*n**2 - 4 + 2 - 47*n**3. Let o(z) = -3*z**2 - 26*z + 4. Let u be o(-9). What is v(u)?
13
Let q(f) = -f**3 + 7*f**2 + 8*f + 7. Let d = -385 + 389. Suppose -2*j = 5*k - 30, d*k - j = k + 29. Determine q(k).
7
Let i(y) = -3*y + 0 - 1 + 7 + 0*y. Suppose 3*h = -5*a - 2*h - 895, -2*a - 5*h = 355. Let u = -176 - a. Give i(u).
-6
Let w(m) = 14*m - 33. Let g(h) = 2*h - 8. Let p(i) = -6*g(i) + w(i). Calculate p(0).
15
Suppose -36525*p + 36519*p = -12. Let n(m) = -42*m + 87. Give n(p).
3
Let r(d) = -d - 2*d + 0*d. Suppose 51*c = -7*c - 58. Determine r(c).
3
Let b(z) = z**3 + 12*z**2 + 9*z - 15. Let d be b(-11). Let h(p) = -895*p**3 + 9 + 8*p**2 + 14*p + 894*p**3 - 24*p. Calculate h(d).
-12
Let t(h) = -3*h + 8. Suppose 0 = -5*b - b + 6. Suppose 0 = 2*g + 1 + b, -4*v + 4*g + 28 = 0. Determine t(v).
-10
Let i(y) = 2*y**3 - 2*y**2 - y. Let o = 11 + -9. Suppose -x - 3*d - 15 = o*x, -13 = 3*x + 5*d. Let q be (2/18*-6)/((-2)/x). Give i(q).
-22
Let f = -45 + 50. Suppose 60 = -f*s - 5*s. Let y(v) be the second derivative of v**3/6 + 38*v. Give y(s).
-6
Let r(a) be the third derivative of -a**6/120 - 2*a**5/15 - 7*a**4/24 - a**3/3 + 8*a**2 + 18*a. Determine r(-7).
-2
Let k(i) be the third derivative of -4*i**4/3 - 4*i**3/3 - 2226*i**2. Give k(5).
-168
Let l(a) = 2*a - 17 - 3*a - 14 + 39 - 11. Suppose 3*w + 32 = -w. Let o(v) = -2*v - 21. Let p be o(w). Determine l(p).
2
Suppose 5*w = -3*o + 581, -4*w - 626 = -3*o - 0*w. Suppose -37*n - o = 20. Let a(l) = -3*l - 10. Give a(n).
8
Let j(m) be the third derivative of 1/60*m**5 + 5/24*m**4 - 2*m + 2*m**2 + 1/3*m**3 + 0. Suppose -4*y = -2*x + 20 - 0, x - 6 = y. What is j(y)?
-2
Let z(n) be the third derivative of -n**6/30 - n**5/30 - 3*n**4/8 - 8*n**3/3 - 3*n**2 - 283*n + 4. What is z(-3)?
101
Let x(f) = -7*f + 2. Let t = 658 - 646. Let i(n) = n - 16. Let p be i(t). Calculate x(p).
30
Let f(g) = -4*g - 1. Let d = -31 + 51. Let o = d + -17. Let k be (o - (-9)/(-6))*-2. Give f(k).
11
Suppose -28 = -560*k + 564*k, -3*q + 9*k + 63 = 0. Let i(p) be the second derivative of -43*p + q + 1/12*p**4 + 7/6*p**3 + 3*p**2. Calculate i(-7).
6
Let u be 15*(-30)/(-675)*21/14. Let a(l) be the second derivative of -l - l**3 + 0 - 1/2*l**2. What is a(u)?
-7
Let g(w) be the first derivative of -w**4/4 + 7*w**3/3 - 5*w**2 - 14*w + 2103. Give g(4).
-6
Let s = 859 + -861. Let j(r) = 3*r + 9. Determine j(s).
3
Suppose 20 = 3*r + z, 2*r - 2*z + 5 = 3*r. Let s(d) be the first derivative of 7*d + r - 1/4*d**4 + 3*d**3 + 5*d**2. Calculate s(10).
7
Suppose 0 = -g - u + 4*u - 13, 4*g + 41 = u. Let r(d) = -d**2 - 5*d + 51. Let v be r(g). Let a(s) = -19*s + 1. Give a(v).
-18
Let y(j) = 4*j**3 + 11*j**2 - j - 39. Let k(h) = h**3 - h**2 + h + 3. Let u(l) = -3*k(l) + y(l). Calculate u(-14).
8
Let v(q) be the second derivative of -5*q**3/6 - 3*q**2 + 1496*q. Calculate v(-2).
4
Let n(v) = -16*v**2 - 9*v + 56. Let d(r) = 13*r**2 + 9*r - 59. Let m(c) = 5*d(c) + 4*n(c). What is m(-14)?
-1
Suppose 4*w = -n + 8, -2*w + 1 = 2*n - 3. Let y(x) be the second derivative of x**3/6 - 13*x**2/2 + 114*x + 9. Determine y(n).
-13
Let l(m) = -2*m**2 - 159*m + 2619. Let b be l(14). Let c(x) = 4*x**3 - 2*x**2 - 5*x + 5. What is c(b)?
2
Suppose -73*f + 76*f - 18 = 0. Let v(z) = f*z - 9*z + 5*z - 2*z**2 + 16 - 13. Suppose 0 = 2*y - 5*y - 6. What is v(y)?
-9
Let p(u) be the first derivative of 3*u - 1/3*u**3 - u**2 - 46. Determine p(-5).
-12
Let l(i) = 3*i**3 + 10695*i - 10697*i - 4*i**3 + 3*i**2 - 4. Let c = -7 - -13. Suppose -c = -0*j - 2*j. Calculate l(j).
-10
Let q be -4 + (2/12)/(0 - 1/(-222)). Let l(i) = -i + 29. Give l(q).
-4
Let w(o) = o**2 + 7*o - 2. Let r = -36 + 41. Suppose 4*n = -2*b - 2, 0*b = r*b + 5*n. Let h be 4 + -1 + (-9)/b. What is w(h)?
-8
Let q(z) be the third derivative of 11*z**4/24 + 107*z**3/6 + 835*z**2 + 1. Determine q(-10).
-3
Let l(g) be the first derivative of g**4/4 + 7*g**3/3 + 3*g**2 + 5*g - 11. Let j = -17 + 72. Let d = 49 - j. Give l(d).
5
Suppose 112 = 12*x - 5*x. Suppose 20*j = x*j + 8. Let f(k) = -k**2 - 3 + 7*k + 2 - j - 3. What is f(5)?
4
Let y be 24/(-156) + (-42)/(-104) + (-10)/40. Let x(a) = -a**2 - 7*a + 1. What is x(y)?
1
Let f = 179 - 179. Suppose -11*r + 47 + 30 = f. Let o(t) = -5*t**2 - t**2 - 9 - 6*t + t**3 - t**2 + t**2. What is o(r)?
-2
Let h be 1/16 + (-1679)/(-1168). Let n(i) be the first derivative of 2/3*i**3 - h*i**2 + 3*i - 38. Calculate n(-3).
30
Let z(c) = c**3 + 7*c**2 + 7*c + 3. Let l be 2 + (-15)/(-3)*(-42)/15. Let j = 26 - l. Let v = -43 + j. Determine z(v).
18
Let a be (45/15)/9*-1*(-3 - 0). Let n(o) = -58*o + 67. What is n(a)?
9
Let g(v) = 13*v**2 - 991*v + 226. Let p be g(76). Let b(i) = -38*i - 70. What is b(p)?
6
Let f(b) be the first derivative of b**5/120 - 11*b**4/24 - b**3/3 + 131*b**2/2 + 34. Let c(h) be the third derivative of f(h). Give c(6).
-5
Let x(u) be the first derivative of 5*u**2 - 139*u - 312. Give x(13).
-9
Let i(z) = 7*z**2 + z. Let s(f) = -19*f**2 - 6*f - 1. Let y(m) = -11*i(m) - 4*s(m). What is y(9)?
40
Let m(t) be the third derivative of -t**6/360 + t**5/60 - t**4/24 - 59*t**3/3 + 66*t**2. Let b(y) be the first derivative of m(y). Determine b(1).
0
Let s(v) = 5*v - 6. Let i(f) = 34*f + 230. Let h(z) = -i(z) + 2*s(z). Determine h(-10).
-2
Let j(h) be the first derivative of h**4/12 - 3*h**3/2 + 2*h**2 + 135*h + 57. Let u(g) be the first derivative of j(g). What is u(8)?
-4
Let t(r) = r**2 - 5*r - 1. Let n be 10 + -6 + 0 - -1. Suppose -n*d = -10*d - 20, o - d - 10 = 0. Give t(o).
5
Let p be -2 - ((-8)/22 - (-3744)/1584). Let i(z) be the first derivative of 3*z**2/2 - 2. Determine i(p).
-12
Let z(m) = -m**3 + m**2 - m + 2. Let x(r) = 7*r**3 - 17*r**2 + 13*r + 9. Let u(a) = -x(a) - 6*z(a). Calculate u(10).
9
Suppose -3*b + 5*d + 176 = 0, -6*b + 264 = -b - d. Let x(g) = -20 + b - 21 - g - 24. Calculate x(-9).
-4
Let h(g) = -4*g**3 - 19*g**2 + 16*g + 11. Let r(p) = 15*p**3 + 73*p**2 - 61*p - 43. Let l(v) = 23*h(v) + 6*r(v). Determine l(0).
-5
Let p(a) = -a**3 + 2*a**2 + a - 2. Let c be 158/(-790)*(5 - 0). Suppose -2*n = 4*g, -5*g + 2*g - 1 = n. Let q be c - (2 - 3*n/6). Calculate p(q).
12
Let n(l) = -l**3 - 7*l**2 + 7*l - 1. Let v(c) be the third derivative of 3*c**6/40 - c**4/8 - c**3/3 - 4*c**2 - 4*c. Let m be v(-1). Give n(m).
7
Let k(f) = -2*f**2 - 3*f**2 + 6*f**2 + 7*f**3. Let m be ((25/(-75))/(1 - 2/3))/(-1). Give k(m).
8
Suppose y - 2*y = -10. Let z be 4/(8/12*3). Let k(s) = -s - 9. Let j(h) = -2*h - 7. Let i(w) = z*j(w) - 3*k(w). Calculate i(y).
3
Let p(n) be the second derivative of -n**4/12 + n**3/2 + n**2 - 30*n. Let q(u) = 11*u**3 - 67*u**2 + 12*u - 33. Let s be q(6). Determine p(s).
2
Let t(k) = -14*k**2. Suppose 2*z + 7*a = 4*a - 1, -7 = -4*z + 3*a. Let g be (2 - z)*15*8/120. Give t(g).
-14
Let y(b) be the first derivative of -b**4/24 + b**3/2 + 30*b**2 - 2*b - 25. Let c(x) be the second derivative of y(x). What is c(-5)?
8
Let f(w) = -4*w + 104. Let b(x) = 24*x**2 + 4*x - 3. Let i be b(1). Let c be f(i). Let z(k) = k - 1. Determine z(c).
3
Let z(d) = d**2 + 7. Let h = -39 + 219. Le